(g) = 555*g**2 + 94*g - 104. Is d(27) a composite number?
True
Let g(m) = 37*m**3 - m**2 - 3*m - 7. Let x be g(-4). Let i = -496 - x. Is i composite?
True
Suppose -35*d + 33*d + z = -84265, 2*d + 2*z - 84256 = 0. Is d a prime number?
True
Suppose -20*x + 13*x - 731203 = -18*x. Is x composite?
True
Let l = -236 - -239. Suppose -v - 2*g = -4615, l*g + 2508 + 2092 = v. Is v composite?
True
Let f(l) = -71*l**3 - 5*l**2 - 14*l - 22. Let s be f(-3). Suppose 1140 = 8*p - s. Is p composite?
False
Let r be (-2 - (1 - -32))*(-26 - -7). Let o = r - -853. Let u = -371 + o. Is u a prime number?
False
Is 10/6 - (-232587716)/906 prime?
True
Is (-52722740)/(-840) + (5/(-6))/5 a prime number?
False
Suppose 8*h - 269355 = -7*h. Is h a composite number?
False
Let b be (-1380863)/57 - (-3)/(-9). Let p = b - -44889. Is p a composite number?
False
Suppose 672*u - 101954 = 670*u. Is u prime?
False
Suppose -2*l = -3*l - 2*g + 10325, -3*l - 3*g = -30972. Let t = l + -3480. Is t a composite number?
True
Let d(z) = 1472*z**2 - 520*z - 4073. Is d(-8) composite?
True
Let w = -988 - -972. Suppose -729 = -2*k + k. Let m = k - w. Is m a composite number?
True
Let y = -111043 - -340382. Is y composite?
True
Let i = -56 + 59. Suppose 2*d = -5*w + 296, 2*d - i*w = 2*w + 316. Suppose -p = -174 - d. Is p a composite number?
True
Suppose 3*b + 3*y + 138 = 0, 2*b + 46 = b - 2*y. Is (-5458)/4*(44 + b) a composite number?
False
Let t(s) = -s**3 + 19*s**2 - 30*s + 11. Let z be t(15). Let q = z + 90. Is q composite?
True
Suppose 255*a - 295*a = -3149480. Is a prime?
True
Let f = -19 - -28. Suppose f*c - 11*c = 0. Is (c + 2/3)/((-18)/(-8289)) a prime number?
True
Let v = -137 + 141. Let n be ((-626)/v)/(-5 + 45/10). Let x = 1874 - n. Is x a composite number?
True
Suppose -4*b = -10 + 2. Let l be (8 - 3)*(-2)/b*-1401. Is l/10 - (-4)/8 composite?
False
Suppose -3663*w - 458909 = -3674*w. Is w prime?
True
Suppose -34 = -2*o - 42. Let d(u) = -15*u**3 + 5*u**3 - 5*u + u + 3 + 3*u**2 + 12*u. Is d(o) a prime number?
True
Let d = -5694 - -3029. Let t = 4156 + d. Suppose -6*y + 3*y = -t. Is y composite?
True
Let b = 162 + -158. Suppose 4*j + 4*y = 4148, b*j + 1851 = 2*y + 6029. Is j composite?
True
Let x(r) = 59*r**3 - 30*r**2 + 123*r + 1. Is x(5) prime?
False
Let h(q) = -15631*q - 5471. Is h(-4) composite?
True
Let c = -102635 + 177804. Is c prime?
True
Suppose 0 = 310*i - 342*i + 1274272. Is i prime?
True
Let m(l) = 1543*l**2 + 139*l + 15. Is m(-29) composite?
False
Let n(h) = -h**3 - 6*h**2 + 2*h + 28. Let q be n(-6). Is q*(34/8 + -4) + 3013 a prime number?
False
Let q(w) = -212*w + 151. Let l(s) = 53*s - 37. Let y(m) = -25*l(m) - 6*q(m). Suppose 0 = -4*c - c - 40. Is y(c) prime?
True
Suppose 0 = 3*m + 4*y - 129753, -4*y + 4 = -20. Is m prime?
False
Let f(w) = -4*w**2 - 4*w + 36 + 22758*w**3 - 37 + 8*w. Is f(1) a prime number?
False
Is 3254191/9 - 50/(-225) a prime number?
True
Suppose 82*d + 180*d + 12565955 - 58015881 = 0. Is d prime?
True
Let a(w) = 1185*w**3 + w**2 - 1. Let p be a(1). Suppose -v - 4*v = 5*h + p, 5*h - 5*v + 1225 = 0. Let o = h - -3060. Is o a composite number?
False
Let l(r) = -190676*r**3 + 7*r**2 + 15*r + 9. Is l(-1) a composite number?
True
Let s(t) = t**3 - 7*t**2 + 5*t + 12. Let r(f) = -1 + 5 - 17*f - 28*f**2 + 27*f**2 + 21. Let a be r(-18). Is s(a) a prime number?
True
Suppose 0*o + o - 60195 = u, -u = -3*o + 180591. Suppose -86*l = -92*l + o. Is l a prime number?
False
Suppose -3*g - 632 = -d, -d + 2*d - 672 = -5*g. Is 1/(-3)*-6*d a composite number?
True
Is 8/1 + ((-1991)/(-44)*3352 - -17) a prime number?
True
Let u = -459 - -452. Is (-5864)/u - (30/42 + -1) a prime number?
False
Is (-159522)/(-2) + (42/(-12) - 1/2) prime?
True
Suppose 0 = -o + 22 - 14. Suppose -c = -o*c + 1757. Is c prime?
True
Let d(z) = -2*z + 9. Let b be d(2). Suppose b*c = -3*r + 6290, 3691 + 2594 = 5*c + 2*r. Is c prime?
False
Let o(n) = 288*n + 1237. Is o(92) composite?
False
Suppose 4*m - 30 = 3*w - 8, 3*m + 15 = 0. Is (-8)/(-28) + ((-41088)/w)/4 a prime number?
False
Let y = 3205232 + -1435285. Is y prime?
True
Let x be 0 + -3 - (-6)/9*-12. Let m be 1*(x - -4)*17. Let d = 168 + m. Is d a prime number?
False
Suppose -43 + 13 = -5*a. Let r(j) = 33 + 76*j + 12 + a. Is r(28) prime?
True
Let t be ((-4)/6)/((-6)/9). Let d = 124 + -110. Let c = d - t. Is c prime?
True
Let g = 463 + -458. Suppose 4*z + 14139 = g*k, 2*z - 7*z + 8476 = 3*k. Is k a composite number?
True
Let b be (27 + -30)*(-4)/(-18)*-3. Is b*((-82856)/(-16) + 5) composite?
True
Let v be -3*((-5)/(-1))/(-5). Suppose -g = -v*g - 6, 0 = -i + g + 770. Is i + 0/((-3)/(-6)*-4) a composite number?
True
Let b(i) = 2*i + 8. Let h be b(0). Let a(k) = k - 9. Let g be a(11). Suppose f + 318 = w, g*f - h = w - 321. Is w a prime number?
False
Suppose -190403 + 70833 = -5*z + g, 5*z - 119590 = -3*g. Is z composite?
True
Suppose 15*c = -33*c + 678606 + 1842306. Is c a prime number?
False
Let r(f) = 803*f**2 + 146*f + 998. Is r(-7) a composite number?
False
Let g = 14914 - 33547. Let y = g - -27100. Is y a prime number?
True
Let p(n) = 5*n**3 - 44*n**2 - 15*n - 55. Is p(13) a composite number?
False
Let y = 8608 - 4676. Suppose -5*p = -9*p + y. Is p prime?
True
Let f(g) = 3852*g**2 + 46*g + 145. Let a(v) = 2. Let l(w) = -4*a(w) + f(w). Is l(-3) a composite number?
False
Let t be (-14)/(-4) + (-9)/6. Suppose 0 = t*g + 2, 5*p - p + 38 = 2*g. Let r = p - -21. Is r composite?
False
Is 99961/(6 - 26 - -21) composite?
False
Suppose -6*h - 35316 = -5394. Let n = 9036 + h. Is n a prime number?
True
Let p(j) = 132*j - 29. Suppose 2*s - 5*k = 10, 5*s - k + 3*k - 54 = 0. Is p(s) a prime number?
True
Suppose -a - 3642 = -105. Let v = a - -8824. Is v composite?
True
Let n be 2754/(-45)*555/(-6). Suppose 4*w + 14417 = d - 4*d, -3*w + 3*d = 10839. Let p = w + n. Is p composite?
False
Suppose 16*w - 395716 = 33036. Is w a prime number?
False
Suppose 20*m - 12*m - 40 = 0. Suppose 15313 = m*y - 2*d, y = 5*y + d - 12240. Is y a prime number?
True
Suppose v = -4*p + 218, 4*p + 5*v - 98 - 128 = 0. Let m be ((-10)/(-4))/((-10)/(-8)). Is (-28332)/p*1/(m/(-3)) a prime number?
True
Let j(i) = 1110 + 6*i - 2*i - 2*i + 38. Let o be j(0). Suppose -3*v = -4*l + v + o, -2*l = -3*v - 574. Is l composite?
True
Suppose -11 = -4*d - 5*z, 4*d = 4*z + 16 + 40. Let f(m) = -44*m - 7. Let q(t) = 88*t + 17. Let l(r) = -5*f(r) - 2*q(r). Is l(d) a prime number?
True
Let f(w) = 47*w**2 - 11*w**2 - 8 + 9*w**2 + 29*w**2 + 5*w. Suppose z - 3 = -0. Is f(z) a composite number?
False
Suppose -4*m - t = -3*t - 14, -5*t - 23 = -4*m. Suppose 0 = 5*q - k - 41, 10 = m*q - k - 4. Let o(c) = 16*c**2 + c + 10. Is o(q) a composite number?
True
Let t = 15 - 6. Suppose 14*u - t*u - 1315 = 0. Suppose -x - 3*b - b = -257, x = -2*b + u. Is x a composite number?
False
Let c = -1 - -95. Let t = 5798 + -3079. Let x = t + c. Is x a composite number?
True
Let l be 2/(-4)*-107 - 19/38. Let w = 58 - l. Suppose -2*h = 3*h + 2*r - 1181, -w*h = -4*r - 1193. Is h a composite number?
True
Let h = -200 - -311. Let d = -45 + h. Suppose x + 51 = d. Is x a composite number?
True
Let q(s) = -66*s**2 + 242*s - 8. Let w(j) = 22*j**2 - 81*j + 3. Let m(g) = -4*q(g) - 11*w(g). Is m(8) composite?
True
Let v(p) = 4*p + 1. Let q be (-2)/((-4 - -10)/(-3)). Let l be v(q). Suppose w = -2, -w - 593 = -l*o + 184. Is o composite?
True
Is 37789675/700 + 14/8 prime?
True
Suppose 0 = q + 5*c, -q = 4*q + 4*c. Suppose -13*z + 11*z - 2038 = q. Is (-1)/((4/z)/4) composite?
False
Suppose 6*i - 1880 = 2*i + q, -5*q = -5*i + 2350. Let g = i + -1030. Let w = -225 - g. Is w composite?
True
Is ((-15856110)/(-135))/((-2)/(-10) - 28/(-60)) a prime number?
True
Let v = -26735 - -75088. Is v composite?
False
Let v(t) = 162*t**2 - 1. Let w be ((-10)/(-20))/((-2)/(-12)). Suppose -3*i - 4 = c + w, -13 = -3*i + 4*c. Is v(i) composite?
True
Let k(s) = 14*s**2 + 31*s. Suppose 3*a - 4*o - 24 = -o, -a - 3*o = 12. Suppose -4*c = -3*u + 19, 0 = 5*c + u + a + 35. Is k(c) a composite number?
True
Let l = 254658 - -33709. Is l composite?
True
Let d(n) = 3*n**2 - 39*n + 1. Let y(o) = o**3 - 2*o**2 - 2*o + 9. Let x be y(0). Let b(g) = g**2 - 4*g - 28. Let f be b(x). Is d(f) prime?
False
Suppose -1651194 = -7*i - 19*i + 935728. Is i composite?
False
Let a(n) = -n**3 